.
3
Let m = -27 - -17. Let a(s) = -s - 4. Let l be a(m). Suppose -5 = -2*p + p, 3*g - 35 = 2*p. Calculate the highest common divisor of g and l.
3
Let m be 40/(-3 - 2)*-4. What is the greatest common divisor of m and 4?
4
Suppose -5*f - 3*w = 83, -2*f - 72 = 2*f + w. Suppose -3*z + 6*z - 93 = 0. Let x = z + f. Calculate the greatest common divisor of 30 and x.
6
Let o be 0/(-2*4/8). Suppose -5*c + 5*j + 20 = o, -1 = -j + 4. Calculate the greatest common factor of 99 and c.
9
Suppose -o = -3*o + 50. Let x(j) = -j**2 - 8*j - 10. Let k be x(-5). Calculate the greatest common divisor of o and k.
5
Suppose 0 = -a - 3*r + 1, -2*a = 3*a + 4*r - 16. Suppose -14 = -a*t - 2. Suppose -2*n - t*n + 20 = 0. What is the highest common factor of 8 and n?
4
Suppose m - 63 = -4*m - 2*r, -m + 5*r - 9 = 0. Suppose 35 = 4*q + m. Let t be 2/1*2/1. What is the greatest common divisor of q and t?
2
Suppose -4*v = -4*x, -3*x + 16 = -0*x + 5*v. Suppose -x*u = -0*u - 10. Suppose u*q = 3*q + 26. What is the highest common factor of 13 and q?
13
Suppose 0*v - 5*v = -270. Let n be (-1)/((15/(-5))/405). What is the highest common divisor of n and v?
27
Let a = 90 + -15. Let p = 31 - 16. What is the greatest common factor of p and a?
15
Let s(h) = -3*h + 6. Let q be s(-11). Suppose 3*f + q = i, 4*i = f + 151 - 28. Calculate the greatest common factor of 12 and i.
6
Let v(y) = 5*y**2 - 3*y + 2. Let s be v(2). Suppose 3*q - 24 = -0. Let j = q + s. What is the greatest common factor of 36 and j?
12
Let g = -36 + 56. Calculate the greatest common factor of 60 and g.
20
Suppose -u + x = -2*u + 24, u + 4*x - 30 = 0. Calculate the greatest common divisor of 11 and u.
11
Let s = -80 - -113. What is the greatest common factor of 11 and s?
11
Let s(v) = 5*v**3 + 5*v - 4*v**3 - 5 + 3 + 0*v**3 - 3*v**2. Let f be s(3). What is the highest common factor of f and 143?
13
Suppose -6*o + 21 = -63. What is the highest common factor of o and 35?
7
Suppose -769 = 3*h - 3*g - 85, 2*h + 428 = -5*g. Let a be ((-2)/(-4))/((-4)/h). What is the greatest common factor of 28 and a?
28
Let r(i) = -i**3 + 6*i**2 + 10*i - 4. Let j be r(7). What is the highest common factor of 153 and j?
17
Suppose 0 = v - 3 + 6. Let w be -2 + (2 + -14)/v. Suppose -4*m = 4*l - 16, -w*m = -l + 3*m + 22. What is the highest common factor of 77 and l?
7
Let j(o) = 2 - o**2 + 2 - 3*o - 4*o. Let v be j(-6). Suppose -5*d + v*d = 60. Calculate the highest common factor of 30 and d.
6
Suppose 0 = 3*w - 117 - 72. Let n(j) = j**2 - 5*j - 5. Let m(o) = -o + 12. Let d be m(5). Let y be n(d). What is the greatest common factor of w and y?
9
Suppose -5*m = -9*m + 8. Calculate the greatest common divisor of 16 and m.
2
Let k = -339 + 384. Let w(h) = h - 2. Let t be w(6). Suppose 0 = -l - t + 9. What is the greatest common divisor of k and l?
5
Let r = 11 - -2. What is the highest common factor of 65 and r?
13
Let q = 18 - 12. Suppose -2*n + 24 = 2*n. What is the highest common factor of q and n?
6
Let i(c) = c**3 + 11*c**2 - 11*c + 11. Let g be i(-11). What is the greatest common divisor of g and 33?
33
Suppose 8*c = 4*c + 384. What is the highest common divisor of c and 32?
32
Let h be 0 + 13 + 2/2. Let z(w) = w**2 - 5*w - 4. Let y be z(6). Suppose j + y*j = 21. Calculate the highest common divisor of j and h.
7
Let z = 30 - 10. Suppose 2*t - 16 = -0*t. What is the highest common divisor of t and z?
4
Suppose 4*z - 22 = 22. Suppose c + 4*c - 145 = 0. Suppose -c - 125 = -2*l. Calculate the greatest common divisor of z and l.
11
Suppose 0*i + 2*i - 18 = 0. Calculate the greatest common divisor of 9 and i.
9
Let m be (-2)/((-4)/114) - 2. Calculate the highest common factor of m and 5.
5
Let d(l) = 2*l - 9. Let z be d(10). Let v = 6 - 3. Let s = v + z. Calculate the highest common factor of 21 and s.
7
Let n(p) be the second derivative of 3*p**5/20 - p**4/6 + 5*p**2/2 + 6*p. Let x be n(4). What is the greatest common factor of x and 15?
15
Suppose -2*m - 8 + 4 = 0. Let o be (2 - (-17 + m)) + 2. Let b = 37 - o. Calculate the highest common divisor of b and 126.
14
Let y(f) be the first derivative of -f**4/4 + 104*f - 4. Let q be y(0). Suppose 0 = 3*r + r - q. What is the highest common divisor of 13 and r?
13
Let y = 0 - -3. Suppose h - 140 = -y*h. What is the greatest common divisor of h and 5?
5
Let l be ((-146)/10 - -1)/(4/(-10)). What is the highest common divisor of 51 and l?
17
Let i be (3/(-2))/(5/(-10)). Let t = 7 - i. Suppose 0 = j - t - 9. Calculate the highest common factor of j and 26.
13
Let k be 3*(0 - (-64)/6). Suppose 4*h + 4*i - 8 = 0, -i = 5*h + 3*i - 11. Let u be h + (0 - -1) - 0. Calculate the highest common factor of k and u.
4
Let k = 102 + -27. Suppose -4*f = -125 - k. What is the greatest common factor of 10 and f?
10
Let p(s) = 3*s + 8. Let y(c) = 2*c + 7. Let i(k) = -3*p(k) + 4*y(k). Let m be i(3). Suppose d - 19 = -m. Calculate the highest common divisor of d and 6.
6
Suppose 0 = 2*v + 2*v - 4*p - 8, 3*v - 4*p = 4. What is the highest common divisor of v and 12?
4
Suppose 3*q = 5*c + 1, 3*q + 2 = c - 5. Let s be (-1)/((-14)/(-6) + c). Let n be 1/(s/(-6))*6. What is the greatest common factor of n and 36?
12
Suppose 0 = -7*w + 3*w + 408. Suppose -2*c + w = 4. Let j(k) = 2*k**2 + 26*k - 21. Let u be j(-14). Calculate the highest common divisor of u and c.
7
Suppose 2*d - 3 = 3. Suppose d*i - 18 = -3*h + 18, 0 = -5*h - 3*i + 56. What is the greatest common factor of 15 and h?
5
Suppose -4*b = 4*k - 8 - 4, 0 = 5*b. Calculate the highest common divisor of 4 and k.
1
Let v(j) = -j**2 - 11*j - 10. Let y be v(-10). Suppose h + z - 27 = y, 4*z + z + 165 = 5*h. What is the highest common divisor of h and 15?
15
Let n(i) = i**2 + 8*i + 2. Let w be n(-8). Let b be (2 - 1)*-1*-2. Calculate the highest common factor of w and b.
2
Let q = 49 + -43. Suppose 12 = o + 3*o. Suppose 3 = -3*a - o*c, -a + 0*a + 5 = -c. Calculate the greatest common divisor of a and q.
2
Let c(f) = 15*f**2 - f - 1. Let k be c(1). Calculate the greatest common factor of 221 and k.
13
Suppose 0*y + 4*y - 8 = 0. Suppose 2*h + y*l - 4*l - 224 = 0, 5*h - 2*l - 575 = 0. What is the greatest common factor of 13 and h?
13
Suppose -4*j + 450 = -0*y + 2*y, 0 = j - 4*y - 135. Let a = j - 46. What is the highest common divisor of a and 46?
23
Suppose 0 = 5*f - 3*f - 162. Calculate the highest common divisor of 9 and f.
9
Let n be (1 - -2)/(15/10). Let w be (14/4 - n)*24. Suppose -35 = -5*j + 10. Calculate the greatest common divisor of w and j.
9
Suppose 0 = u - 3*o - 48, 5*o - 175 = -0*u - 4*u. What is the greatest common divisor of u and 9?
9
Let w = -15 - 19. Let l = w - -94. What is the greatest common divisor of l and 24?
12
Suppose -2*q + 1 = 3*d - 28, -2*d + 3*q = -41. Calculate the greatest common factor of 52 and d.
13
Let h = 7 - 6. Let w(x) = 30*x. Let k be w(h). What is the greatest common divisor of k and 15?
15
Suppose -6*f - 153 = -3*s - 3*f, -3*s - f + 157 = 0. Let d be ((-195)/(-6))/5*2. Calculate the highest common divisor of s and d.
13
Suppose -5*d - b + 21 = 0, 4*d + b = 2*d + 9. Suppose 0 = d*o - 49 + 1. What is the highest common factor of 3 and o?
3
Suppose 0 = -2*d - 6, 9 = 5*o - 3*o - 5*d. Let c(h) = -h**3 + h**2. Let b be c(o). Calculate the greatest common factor of b and 4.
4
Let h = 43 + 12. Calculate the greatest common factor of h and 44.
11
Let w = -67 - -184. Suppose -2*i + d + 53 = 2*i, 5*i + 3*d = 62. What is the highest common factor of w and i?
13
Let f = -95 + 173. Calculate the greatest common divisor of f and 52.
26
Let g(s) = s**2 + 6*s + 2. Let t be g(-6). Let j be (16 - -2) + (0 - 0). Calculate the highest common factor of t and j.
2
Suppose -2*k - 5*l = -259, -2*k - l - 35 + 274 = 0. Suppose o - k = -22. Calculate the greatest common factor of o and 19.
19
Suppose 0 = -2*z + 2*w + 32, z + 2*z - 4*w = 53. Let b be (-20)/(-11) + 2/z. Let c be (-26)/2*(-4 + b). What is the greatest common factor of c and 13?
13
Let o(y) = y**2 + 3*y - 3. Let d be o(-4). Suppose -f = 3*n - 1, 2*n + 5*f = d - 9. Let j be n/4 + (-78)/(-8). What is the greatest common factor of j and 50?
10
Let z = -5 - -7. Let i = z - -5. Let s = i - 4. Calculate the greatest common divisor of s and 30.
3
Let g be (-3 - -4)/(1/4) - -26. What is the highest